or of 16 and 386594.
2
What is the highest common factor of 330 and 11095293?
33
Calculate the highest common divisor of 694239945 and 4515.
4515
What is the highest common factor of 18603149 and 2141?
2141
Calculate the highest common factor of 620 and 893527570.
310
What is the highest common factor of 51289469 and 14322?
2387
What is the highest common divisor of 1830 and 17602465?
305
Calculate the highest common divisor of 344170 and 3205480.
1270
Calculate the highest common divisor of 6396435 and 540.
135
Calculate the greatest common divisor of 4545996 and 52.
52
What is the highest common divisor of 20644 and 42876?
1588
What is the highest common divisor of 4278042 and 162?
54
Calculate the greatest common factor of 48201300 and 1440.
180
Calculate the greatest common factor of 114830 and 160.
10
Calculate the highest common divisor of 6847685 and 10465.
65
Calculate the greatest common factor of 44 and 3448972.
4
Calculate the highest common divisor of 193 and 252088301.
193
Calculate the greatest common factor of 27633 and 305322.
453
What is the highest common divisor of 79327422 and 22416?
2802
What is the highest common factor of 82149705 and 51255?
3015
Calculate the greatest common divisor of 2592813 and 12489.
69
Calculate the greatest common divisor of 140621 and 11020.
29
What is the highest common factor of 1540 and 43949290?
770
Calculate the greatest common factor of 129903846 and 18.
6
Calculate the highest common factor of 24218916 and 492.
12
What is the highest common divisor of 46178831 and 218?
109
Calculate the greatest common factor of 12859266 and 4122.
1374
Calculate the highest common divisor of 585311 and 63674.
2449
Calculate the greatest common factor of 3792727 and 8.
1
What is the highest common factor of 950 and 776200?
50
Calculate the greatest common divisor of 617976 and 648.
216
Calculate the greatest common divisor of 17934 and 1068690.
294
Calculate the highest common divisor of 125 and 34242250.
125
Calculate the greatest common divisor of 537537300 and 1200.
300
Calculate the highest common factor of 141 and 2447478.
141
What is the greatest common divisor of 99 and 45741333?
33
Calculate the greatest common factor of 639426 and 923194.
158
What is the greatest common factor of 12181 and 524331145?
12181
What is the greatest common factor of 104944 and 201488?
112
What is the greatest common divisor of 5 and 272718240?
5
Calculate the highest common divisor of 9220211 and 713944.
4697
What is the highest common factor of 1361 and 333114277?
1361
What is the highest common divisor of 2484241904 and 10352?
10352
What is the greatest common factor of 360 and 562824?
72
Calculate the greatest common divisor of 13256301 and 33.
3
Calculate the highest common factor of 41735176 and 952.
56
What is the greatest common factor of 3 and 1031166?
3
Calculate the highest common factor of 33 and 29490857.
11
Calculate the greatest common factor of 10751 and 93041.
13
What is the greatest common factor of 13688 and 1284961?
1711
Calculate the greatest common divisor of 68 and 239384854.
34
Calculate the greatest common factor of 1208457 and 1444342.
3629
Calculate the greatest common factor of 825 and 135894825.
825
Calculate the highest common factor of 14510 and 600714.
2902
What is the greatest common divisor of 80975044 and 2092?
2092
Calculate the highest common divisor of 36287107 and 2732.
683
What is the highest common divisor of 7416 and 3712?
8
Calculate the highest common divisor of 7348160 and 2880.
320
What is the greatest common factor of 724 and 222716518?
362
What is the highest common divisor of 1643264 and 3473596?
3668
Calculate the greatest common divisor of 8883 and 205672.
47
What is the highest common divisor of 12441 and 187079841?
1131
What is the greatest common divisor of 596255 and 341?
11
What is the highest common divisor of 751548 and 4844217?
8169
Calculate the greatest common divisor of 65697764 and 1964.
1964
What is the highest common divisor of 1190028 and 117180?
2604
What is the highest common factor of 26603880 and 1200?
120
What is the greatest common factor of 2016 and 1076936?
56
Calculate the highest common divisor of 2229728 and 220896.
1888
Calculate the highest common factor of 66746 and 198536.
46
What is the highest common factor of 514932 and 40836?
996
What is the highest common divisor of 393312 and 384846?
102
What is the highest common divisor of 12402 and 310466?
26
Calculate the highest common divisor of 44 and 4894321.
1
Calculate the highest common divisor of 949852185 and 15.
15
What is the highest common divisor of 548924938 and 94?
94
What is the greatest common divisor of 4928 and 1020712?
616
What is the highest common factor of 122232 and 34584?
264
What is the highest common factor of 288130898 and 3443?
3443
Calculate the greatest common divisor of 15542 and 4104724.
818
Calculate the greatest common divisor of 70589344 and 1698816.
17696
Calculate the greatest common factor of 6885 and 27460.
5
What is the greatest common divisor of 54997596 and 22599?
837
Calculate the greatest common divisor of 619734947 and 49556.
12389
What is the highest common factor of 2188 and 48172649?
547
What is the highest common divisor of 115288977 and 670?
67
What is the highest common factor of 174227825 and 1175?
1175
Calculate the highest common factor of 37623846 and 12.
6
What is the highest common divisor of 1368 and 9471576?
456
What is the highest common divisor of 16948 and 48390777?
4237
Calculate the highest common factor of 147320888 and 208.
104
What is the greatest common divisor of 8125 and 600080?
65
Calculate the highest common divisor of 382875 and 105375.
375
Calculate the greatest common divisor of 189 and 4869099.
27
Calculate the highest common factor of 153395 and 3245.
55
Calculate the greatest common factor of 10046880 and 5472.
288
Calculate the highest common factor of 159046 and 42733.
283
Calculate the highest common divisor of 18941464 and 2008.
2008
What is the highest common factor of 1372227 and 101103?
201
What is the greatest common factor of 6486 and 19618218?
138
Calculate the highest common factor of 771 and 12909367.
257
Calculate the greatest common factor of 6480 and 276690.
30
Calculate the greatest common divisor of 662059 and 9.
1
What is the highest common divisor of 82290924 and 1697?
1697
Calculate the greatest common factor of 20 and 4399836.
4
Calculate the greatest common divisor of 63 and 4392549.
63
Calculate the greatest common divisor of 1120 and 147050400.
1120
Calculate the highest common divisor of 5488466 and 2.
2
Calculate the highest common divisor of 756 and 54450.
18
What is the highest common factor of 545436 and 251868?
1668
What is the highest common factor of 7720 and 83680?
40
Calculate the greatest common divisor of 1748695 and 57395.
65
Calculate the greatest common factor of 168447408 and 12.
12
What is the greatest common factor of 36544 and 684058?
1142
Calculate the highest common factor of 38473 and 3297776.
79
What is the highest common divisor of 3624 and 9026931?
453
Calculate the greatest common factor of 33121738 and 65650.
2626
What is the highest common divisor of 563269814 and 14324?
7162
What is the greatest common divisor of 17329792 and 1216?
64
What is the highest common divisor of 7525765 and 2860?
65
Calculate the highest common divisor of 221623546 and 278.
278
What is the greatest common factor of 574 and 31472?
14
What is the highest common factor of 3544369 and 14777?
2111
What is the greatest common divisor of 188586 and 3096?
18
Calculate the highest common factor of 296851 and 2825.
113
Calculate the greatest common factor of 59668606 and 3655.
731
What is the greatest common divisor of 84855485 and 242?
121
What is the highest common divisor of 167165 and 1036825?
335
Calculate the greatest common divisor of 4064 and 164480240.
2032
Calculate the greatest common factor of 4802 and 4434206.
98
What is the highest common divisor of 375363 and 318744?
2097
What is the highest common factor of 18 and 10461546?
18
Calculate the greatest common divisor of 27080 and 561000.
40
Calculate the greatest common divisor of 456705 and 18360.
2295
What is the highest common divis